[INFO] cloning repository https://github.com/deciduously/attendance
[INFO] running `Command { std: "git" "-c" "credential.helper=" "-c" "credential.helper=/workspace/cargo-home/bin/git-credential-null" "clone" "--bare" "https://github.com/deciduously/attendance" "/workspace/cache/git-repos/https%3A%2F%2Fgithub.com%2Fdeciduously%2Fattendance", kill_on_drop: false }`
[INFO] [stderr] Cloning into bare repository '/workspace/cache/git-repos/https%3A%2F%2Fgithub.com%2Fdeciduously%2Fattendance'...
[INFO] running `Command { std: "git" "rev-parse" "HEAD", kill_on_drop: false }`
[INFO] [stdout] 356723bf1bf495a4bcbdb134a675e8fc4f20ec57
[INFO] checking deciduously/attendance against try#72f88fc4e9458f89516a0b8b0868f3718aec5b47 for pr-74989
[INFO] running `Command { std: "git" "clone" "/workspace/cache/git-repos/https%3A%2F%2Fgithub.com%2Fdeciduously%2Fattendance" "/workspace/builds/worker-9/source", kill_on_drop: false }`
[INFO] [stderr] Cloning into '/workspace/builds/worker-9/source'...
[INFO] [stderr] done.
[INFO] validating manifest of git repo https://github.com/deciduously/attendance on toolchain 72f88fc4e9458f89516a0b8b0868f3718aec5b47
[INFO] running `Command { std: "/workspace/cargo-home/bin/cargo" "+72f88fc4e9458f89516a0b8b0868f3718aec5b47" "read-manifest" "--manifest-path" "Cargo.toml", kill_on_drop: false }`
[INFO] started tweaking git repo https://github.com/deciduously/attendance
[INFO] finished tweaking git repo https://github.com/deciduously/attendance
[INFO] tweaked toml for git repo https://github.com/deciduously/attendance written to /workspace/builds/worker-9/source/Cargo.toml
[INFO] crate git repo https://github.com/deciduously/attendance already has a lockfile, it will not be regenerated
[INFO] running `Command { std: "/workspace/cargo-home/bin/cargo" "+72f88fc4e9458f89516a0b8b0868f3718aec5b47" "fetch" "--locked" "--manifest-path" "Cargo.toml", kill_on_drop: false }`
[INFO] [stderr]     Blocking waiting for file lock on package cache
[INFO] running `Command { std: "docker" "create" "-v" "/var/lib/crater-agent-workspace/builds/worker-9/target:/opt/rustwide/target:rw,Z" "-v" "/var/lib/crater-agent-workspace/builds/worker-9/source:/opt/rustwide/workdir:ro,Z" "-v" "/var/lib/crater-agent-workspace/cargo-home:/opt/rustwide/cargo-home:ro,Z" "-v" "/var/lib/crater-agent-workspace/rustup-home:/opt/rustwide/rustup-home:ro,Z" "-e" "SOURCE_DIR=/opt/rustwide/workdir" "-e" "CARGO_TARGET_DIR=/opt/rustwide/target" "-e" "CARGO_HOME=/opt/rustwide/cargo-home" "-e" "RUSTUP_HOME=/opt/rustwide/rustup-home" "-w" "/opt/rustwide/workdir" "-m" "1610612736" "--user" "0:0" "--network" "none" "rustops/crates-build-env@sha256:d92eaeed33fa75130ca1ee6c8a01d1ffb62bac859dfdfb3450e3e5d1c0146529" "/opt/rustwide/cargo-home/bin/cargo" "+72f88fc4e9458f89516a0b8b0868f3718aec5b47" "metadata" "--no-deps" "--format-version=1", kill_on_drop: false }`
[INFO] [stderr] WARNING: Your kernel does not support swap limit capabilities or the cgroup is not mounted. Memory limited without swap.
[INFO] [stdout] 14df1a8d09ecd6af90005ae36177a7ae5ae69533462276eefd4fb35c53913077
[INFO] running `Command { std: "docker" "start" "-a" "14df1a8d09ecd6af90005ae36177a7ae5ae69533462276eefd4fb35c53913077", kill_on_drop: false }`
[INFO] running `Command { std: "docker" "inspect" "14df1a8d09ecd6af90005ae36177a7ae5ae69533462276eefd4fb35c53913077", kill_on_drop: false }`
[INFO] running `Command { std: "docker" "rm" "-f" "14df1a8d09ecd6af90005ae36177a7ae5ae69533462276eefd4fb35c53913077", kill_on_drop: false }`
[INFO] [stdout] 14df1a8d09ecd6af90005ae36177a7ae5ae69533462276eefd4fb35c53913077
[INFO] running `Command { std: "docker" "create" "-v" "/var/lib/crater-agent-workspace/builds/worker-9/target:/opt/rustwide/target:rw,Z" "-v" "/var/lib/crater-agent-workspace/builds/worker-9/source:/opt/rustwide/workdir:ro,Z" "-v" "/var/lib/crater-agent-workspace/cargo-home:/opt/rustwide/cargo-home:ro,Z" "-v" "/var/lib/crater-agent-workspace/rustup-home:/opt/rustwide/rustup-home:ro,Z" "-e" "SOURCE_DIR=/opt/rustwide/workdir" "-e" "CARGO_TARGET_DIR=/opt/rustwide/target" "-e" "CARGO_INCREMENTAL=0" "-e" "RUST_BACKTRACE=full" "-e" "RUSTFLAGS=--cap-lints=forbid" "-e" "CARGO_HOME=/opt/rustwide/cargo-home" "-e" "RUSTUP_HOME=/opt/rustwide/rustup-home" "-w" "/opt/rustwide/workdir" "-m" "1610612736" "--user" "0:0" "--network" "none" "rustops/crates-build-env@sha256:d92eaeed33fa75130ca1ee6c8a01d1ffb62bac859dfdfb3450e3e5d1c0146529" "/opt/rustwide/cargo-home/bin/cargo" "+72f88fc4e9458f89516a0b8b0868f3718aec5b47" "check" "--frozen" "--all" "--all-targets" "--message-format=json", kill_on_drop: false }`
[INFO] [stderr] WARNING: Your kernel does not support swap limit capabilities or the cgroup is not mounted. Memory limited without swap.
[INFO] [stdout] ec341268fcbec7fe39105bb40c8dc89e072fdea0489ac200ab9b46def00a6236
[INFO] running `Command { std: "docker" "start" "-a" "ec341268fcbec7fe39105bb40c8dc89e072fdea0489ac200ab9b46def00a6236", kill_on_drop: false }`
[INFO] [stderr]    Compiling cfg-if v0.1.2
[INFO] [stderr]    Compiling libc v0.2.39
[INFO] [stderr]    Compiling nodrop v0.1.12
[INFO] [stderr]    Compiling lazy_static v0.2.11
[INFO] [stderr]    Compiling memoffset v0.2.1
[INFO] [stderr]    Compiling yansi v0.3.4
[INFO] [stderr]    Compiling gcc v0.3.54
[INFO] [stderr]    Compiling matches v0.1.6
[INFO] [stderr]    Compiling unicode-normalization v0.1.5
[INFO] [stderr]    Compiling byteorder v1.2.1
[INFO] [stderr]    Compiling percent-encoding v1.0.1
[INFO] [stderr]    Compiling safemem v0.2.0
[INFO] [stderr]     Checking rustc-demangle v0.1.7
[INFO] [stderr]    Compiling untrusted v0.5.1
[INFO] [stderr]    Compiling serde v1.0.36
[INFO] [stderr]    Compiling traitobject v0.1.0
[INFO] [stderr]    Compiling typeable v0.1.2
[INFO] [stderr]    Compiling httparse v1.2.4
[INFO] [stderr]     Checking antidote v1.0.0
[INFO] [stderr]    Compiling language-tags v0.2.2
[INFO] [stderr]    Compiling pear v0.0.12
[INFO] [stderr]    Compiling ordermap v0.2.13
[INFO] [stderr]    Compiling state v0.3.3
[INFO] [stdout] error[E0635]: unknown feature `const_atomic_bool_new`
[INFO] [stdout]  --> /opt/rustwide/cargo-home/registry/src/github.com-1ecc6299db9ec823/yansi-0.3.4/src/lib.rs:1:40
[INFO] [stdout]   |
[INFO] [stdout] 1 | #![cfg_attr(feature="nightly", feature(const_atomic_bool_new))]
[INFO] [stdout]   |                                        ^^^^^^^^^^^^^^^^^^^^^
[INFO] [stdout] 
[INFO] [stdout] 
[INFO] [stderr]    Compiling smallvec v0.4.4
[INFO] [stdout] error: aborting due to previous error
[INFO] [stdout] 
[INFO] [stdout] 
[INFO] [stdout] For more information about this error, try `rustc --explain E0635`.
[INFO] [stdout] 
[INFO] [stderr] error: could not compile `yansi`.
[INFO] [stderr] 
[INFO] [stderr] To learn more, run the command again with --verbose.
[INFO] [stderr] warning: build failed, waiting for other jobs to finish...
[INFO] [stdout] error[E0635]: unknown feature `const_atomic_usize_new`
[INFO] [stdout]  --> /opt/rustwide/cargo-home/registry/src/github.com-1ecc6299db9ec823/state-0.3.3/src/lib.rs:3:12
[INFO] [stdout]   |
[INFO] [stdout] 3 | #![feature(const_atomic_usize_new)]
[INFO] [stdout]   |            ^^^^^^^^^^^^^^^^^^^^^^
[INFO] [stdout] 
[INFO] [stdout] 
[INFO] [stdout] error[E0635]: unknown feature `const_atomic_bool_new`
[INFO] [stdout]  --> /opt/rustwide/cargo-home/registry/src/github.com-1ecc6299db9ec823/state-0.3.3/src/lib.rs:4:12
[INFO] [stdout]   |
[INFO] [stdout] 4 | #![feature(const_atomic_bool_new)]
[INFO] [stdout]   |            ^^^^^^^^^^^^^^^^^^^^^
[INFO] [stdout] 
[INFO] [stdout] 
[INFO] [stdout] error[E0635]: unknown feature `const_unsafe_cell_new`
[INFO] [stdout]  --> /opt/rustwide/cargo-home/registry/src/github.com-1ecc6299db9ec823/state-0.3.3/src/lib.rs:2:12
[INFO] [stdout]   |
[INFO] [stdout] 2 | #![feature(const_unsafe_cell_new)]
[INFO] [stdout]   |            ^^^^^^^^^^^^^^^^^^^^^
[INFO] [stdout] 
[INFO] [stdout] 
[INFO] [stdout] error: aborting due to 3 previous errors
[INFO] [stdout] 
[INFO] [stdout] 
[INFO] [stdout] For more information about this error, try `rustc --explain E0635`.
[INFO] [stdout] 
[INFO] [stderr] error: build failed
[INFO] running `Command { std: "docker" "inspect" "ec341268fcbec7fe39105bb40c8dc89e072fdea0489ac200ab9b46def00a6236", kill_on_drop: false }`
[INFO] running `Command { std: "docker" "rm" "-f" "ec341268fcbec7fe39105bb40c8dc89e072fdea0489ac200ab9b46def00a6236", kill_on_drop: false }`
[INFO] [stdout] ec341268fcbec7fe39105bb40c8dc89e072fdea0489ac200ab9b46def00a6236
